7*r + 83156 = 4*b, -2*r = 3*b - 62367. Is b a prime number?
True
Suppose -p - 2*c + 13 = 0, -4*p - c = -2 - 15. Let o(d) be the first derivative of 11*d**3/3 - d**2 + 4*d + 21. Is o(p) a composite number?
False
Let v = -73171 - -114050. Is v prime?
True
Let t be 77/(-2)*((-6687)/63 - 7). Let h = -2789 + t. Is h a prime number?
True
Let d(c) = 2460*c**3 + 2*c**2 + 3. Let b be d(2). Let q = b - 9820. Is q a prime number?
True
Let y(z) = 22*z + 102. Let c be y(-5). Is (-8 - c)/6 + 4373 a prime number?
True
Suppose -46*k = 66*k - 22163344. Is k a composite number?
False
Let b(h) = -534*h**3 - 51*h**2 - 218*h - 43. Is b(-4) a prime number?
False
Suppose 5*r - 6483 = 2*g, 0 = r + 3*r + 2*g - 5190. Suppose 1548 = w + b, w = -2*b + r + 256. Is w a prime number?
True
Suppose -33373*b + 33358*b = -11745915. Is b a prime number?
False
Suppose 0 = -2*v - 8, 2*v + 61 = 3*o - 2*v. Let x = 37 - 40. Is 2/x - ((-50525)/o)/5 a prime number?
True
Let p = 244619 - -2198322. Is p a prime number?
True
Let h = 33 + -16. Let f(l) = 7*l**3 - h - 6*l**3 - 2*l - 4*l**2 + 0*l**2. Is f(8) composite?
False
Suppose 28 = 11*h + 6. Suppose -3*w - 3*c + 3919 = -w, -h*c + 7842 = 4*w. Is w composite?
True
Suppose -2*v + l = 11 - 52, -2*v - l = -31. Suppose v*b - 21*b = 0. Suppose -4*s - 3579 = -4*h + 2161, b = -3*s + 12. Is h prime?
True
Let g be 1 + (-4582310)/(-25) - (-6)/(-15). Suppose 4*s + g = 23*s. Is s a composite number?
True
Let w(v) = 1605*v**2 + 52*v - 375. Is w(8) prime?
True
Suppose -5*v + 6*n = 2*n - 2, 2*n = -3*v + 10. Suppose v*b - 4*q = 278, 3*b = -2*q + 75 + 342. Suppose -t + l = -l - b, 4*l = -t + 115. Is t composite?
False
Is 8 - (-33824 + (0 - 9)) prime?
False
Let y be 35*633 - (-3 + 7). Let j = -4254 + y. Is j composite?
True
Suppose 0 = 25*o - 30*o + 10. Suppose -3*c = g + 2184, c = o*c - 2*g + 721. Let v = c + 1106. Is v a composite number?
False
Suppose 0 = o + 3*o + h - 15, -4*h = -5*o + 3. Suppose 0 = 2*m - 4*p - 8, -3*m = -2*m + o*p - 4. Suppose 5*v = m*n + 235, -n - 48 = 4*v - 5*v. Is v composite?
False
Let i = -493 - -493. Suppose i = -16*w + 26*w - 50330. Is w prime?
False
Let o = -149564 - -87321. Let p = -43278 - o. Is p a composite number?
True
Let g(s) = -s + 4. Let o be g(-2). Let y be (o/(-18))/(1/(-51009)). Suppose -8*b + y = -b. Is b a composite number?
True
Suppose v - 1153279 = 3*b - 74456, 4*b = 4*v - 4315340. Is v composite?
False
Let n(p) = p**2 + 2*p - 4. Let j be n(-4). Is 1/((-5 + j)/(-10169)) prime?
True
Suppose 343*f - 63 = 336*f. Let l(v) = 275*v - 182. Is l(f) a composite number?
False
Suppose 62*v - 57*v = 4*r - 274301, 4*v + 20 = 0. Is r a composite number?
True
Suppose -11 + 3 = -4*i. Suppose -14*a = -g - 19*a + 75, -3*g = -3*a - 297. Suppose -198 = -2*q - 4*j, -4*q + 5*q = i*j + g. Is q a prime number?
True
Suppose 2 = f, 0*g - 3*g + 4*f + 2080 = 0. Suppose -s + g = -x - x, -4*s = -3*x - 2779. Is s prime?
False
Let z = 395 - 391. Suppose -5*p + 19535 = b, 0*b - 15628 = -z*p - 3*b. Is p a composite number?
False
Let y(r) = 20428*r - 21. Is y(4) a prime number?
False
Let r be (-5 + -97)/((-4)/(-44)*2). Let f = 752 + r. Is f composite?
False
Suppose -23 = -4*p + 5*m, 0 = 5*p + 4*m + 3 - 1. Is ((-2)/4)/((-88536)/(-44272) - p) composite?
False
Suppose 0 = 4*l - 3*d - 6, 5*d - 6*d - 2 = -3*l. Let j be (-1)/(-2*(-5)/(-60)). Suppose 3*w + i - 5691 = l, 7588 = j*w - 2*w + i. Is w prime?
False
Let i(p) = 110*p + 18. Let t be i(-6). Let h = -1129 - t. Let a = h + 881. Is a composite?
True
Is 38578000/2800 - 6/7 prime?
False
Suppose 9300987 = -226*n + 253*n. Is n composite?
True
Is 316/3002 - (-820361)/19 a prime number?
True
Let b(j) = 5*j**2 - 17*j + 4. Suppose 2*k - 4 + 20 = 0. Let d be b(k). Let u = -69 + d. Is u prime?
False
Let c = 3976 + -3964. Let m(l) = 6*l + 6. Let h be m(-4). Is c/h - (-971)/3 a prime number?
False
Let j be (-67)/(-7) + (-42)/(-98). Suppose 0 = 4*m + 5*u - 38461, -11*u + j*u - 9622 = -m. Is m composite?
False
Let c(n) be the second derivative of -41/6*n**3 + 14*n + 0 + 4*n**2. Is c(-6) prime?
False
Let g(h) = -h - 91 - 8*h + 97 + 119*h**2 + 208*h**2. Let b be g(5). Suppose b + 2836 = 4*m. Is m a prime number?
False
Let d = 80643 - 51766. Is d composite?
True
Is (-2)/(-2)*-3 + (-4 + -12154)*-2 a composite number?
True
Suppose -3*v + m - 93 = 0, v + 2*m + 13 + 11 = 0. Let b be 18/v - (-56)/10. Suppose -4*l + s = l - 2703, 3*l - b*s - 1613 = 0. Is l prime?
True
Let q = -53225 - -95286. Is q a composite number?
False
Let q(a) = 8981*a - 1536. Is q(5) a prime number?
False
Suppose 1169497 - 29026 = 9*h. Is h a prime number?
True
Let q be (5573 - 3)*8/16. Suppose 4*c = -m + q, c = 4*m + 215 + 494. Is c prime?
False
Let w = -40534 - -79815. Is w prime?
False
Let c be 4*(1 - 6/12). Is (-9 - -3282) + c/(-1) prime?
True
Is (-32)/36 + (-97192)/(-72) composite?
True
Suppose 11*h = -6*h + 442. Suppose h = -13*q + 91. Suppose 2*s = -3*g + 5264, -4*s - 1686 = q*g - 10460. Is g composite?
True
Let p be 12219/3 + (9 - 14). Let o = p + 14879. Is o prime?
True
Let w be 8*(-2)/((-32)/20). Suppose 24*g = 30*g - 24. Suppose -2*m = f - 137, g*m - w = 2*m. Is f composite?
False
Suppose -16*x + 13 = -3*x. Let m be (-18340)/(-12) + -3 - x/3. Suppose -5*f + m + 4660 = 0. Is f a prime number?
True
Suppose 3459986 = 32*y + 527755 - 360921. Is y a composite number?
False
Suppose 3*i - 2 - 16 = 0. Suppose 5*n - 10 = 0, n = -5*q + q - i. Is (q + 3 + 0)*251 prime?
True
Is (-7)/77*(16 + -22445) a composite number?
False
Suppose 2*w + 46051 = o, 3*o + 138193 = 6*o + 4*w. Suppose -4028 + o = 11*s. Is s a prime number?
True
Is (101374 + -1)*(40*(-6)/(-36) + -6) a composite number?
True
Let k(f) = 6493*f**2 + 47*f + 155. Is k(-3) prime?
True
Suppose 57763 = 7*s - 3*k, -5*s - 5*k + 0*k = -41245. Is s prime?
False
Suppose 9*j = 66459 - 5880. Is j a composite number?
True
Let h(b) = 543*b + 23. Let a be h(6). Suppose 3*z - a = -1187. Suppose 2*p - z + 204 = 0. Is p composite?
True
Let v be 66/9 - (24/(-9) + 2). Suppose -v*b + 9*b - 19 = 0. Suppose -18*i - 177 = -b*i. Is i composite?
True
Suppose -4*b + 13*r = 15*r - 654406, -2 = -2*r. Is b composite?
False
Let l = 183 - 178. Is l/2 - 12321/(-2) composite?
False
Let o(p) = -7*p**3 - 21*p**2 - 13*p + 9. Let r(m) = -3*m**3 - 10*m**2 - 6*m + 5. Let s(f) = 4*o(f) - 9*r(f). Let u be s(6). Let k(x) = 169*x - 2. Is k(u) prime?
False
Suppose 3188693 = -34*c + 8886889. Is c/18 - (-60)/270 prime?
True
Let o(b) = 5274*b**2 - 100*b + 891. Is o(8) a prime number?
True
Let x = 364 + -335. Let k(b) = 259*b - 100. Is k(x) a prime number?
True
Suppose 5*g + 450 = -285. Suppose -125*j = 6*j + 17647 + 14317. Let s = g - j. Is s a composite number?
False
Let j = -390489 + 930268. Is j a composite number?
True
Suppose -567*u + 572*u = 25. Suppose u*g = 20*g - 243645. Is g composite?
True
Let t(b) = 17*b - 17. Let c = -109 + 111. Suppose -2*y = -c*h - 9 - 7, -3*h - 20 = -2*y. Is t(y) a composite number?
True
Let a(l) = -33*l**2 + 5*l + 7. Let f be a(-2). Let i = f + -125. Let j = i + 595. Is j a composite number?
True
Let j(u) = -u**3 + 82*u**2 + 173*u + 11. Is j(-51) prime?
True
Let j = -538175 - -814558. Is j composite?
True
Let j(x) = -x**3 - 18*x**2 - 7*x - 11. Let y(l) = l**3 - 5*l**2 - 2*l + 6. Suppose 3*a = t + a, 2*t - 3*a = 2. Let h be y(t). Is j(h) a composite number?
True
Suppose 2*s + 3*s = 20. Let w(g) = -14 + 71*g + s + 6. Is w(6) composite?
True
Let z(u) = -494*u + 63. Let a = 229 - 240. Is z(a) composite?
True
Suppose -2*t = -58244 - 90480. Suppose -15*f + 17453 = -t. Is f prime?
True
Suppose 0 = 2*u - 5*g - 88636, -423*u = -428*u + 4*g + 221607. Is u a prime number?
False
Suppose -4*h - 8 = 0, 5*y + h - 737638 + 160255 = 0. Is y prime?
False
Suppose -28*v + 23*v = -5*q - 104715, -3*v + 62831 = -4*q. Is v a composite number?
True
Suppose 3*h - 784 - 509 = k, 5*k - 879 = -2*h. Let l = 763 - h. Is l a prime number?
True
Let k(z) = 3 - 5*z - 40 - 13*z - 12*z. Let o be (270/15)/((-6)/4). Is k(o) a prime number?
False
Let r be 2/(30/(-24145))*9/(-3). Suppose -18046 = -n - r. Is n prime?
True
Suppose 3052782 = 171*v - 3317823. Is v prime?
False
Is 772970 - 84*24/96 prime?
True
Let o(v) = -23108*v**3 + 2*v**2 + 3*v. Let z = 73 - 74. Is o(z) a composite number?
True
Let b = 15750 - 827. Is b a composite numbe